{"id":9,"date":"2011-04-12T12:02:34","date_gmt":"2011-04-12T11:02:34","guid":{"rendered":"http:\/\/berzuk.com\/travelog\/?page_id=9"},"modified":"2011-04-12T12:02:34","modified_gmt":"2011-04-12T11:02:34","slug":"about-me","status":"publish","type":"page","link":"https:\/\/avidalafora.com\/index.php\/about-me\/","title":{"rendered":"Biografia"},"content":{"rendered":"<p>Os meus 30 anos e pouco n\u00e3o me permitem ter uma biografia\u00a0muito extensa, ainda assim h\u00e1 sempre qualquer a dizer sobre esta ainda curta vida que vou vivendo.<br \/>\nNasci e cresci numa aldeia \u00e0 beira do mar e o mar sempre foi uma esp\u00e9cie de porto de abrigo, um pilar na minha vida. \u00c9-me imposs\u00edvel estar longe do mar por muito tempo, tenho de v\u00ea-lo, e sentir o seu cheiro que na minha praia \u00e9 muito intenso. O mar faz parte de quem sou, n\u00e3o fosse eu neta de um pescador de Arte X\u00e1vega que exerce esta arte h\u00e1 mais de 50 anos.<br \/>\nApesar do gosto pelas viagens e pelas culturas alheias incutido pelos meus pais, o meu Curriculum de viajante \u00e9 ainda muito reduzido. Com os meus pais, e ainda enquanto crian\u00e7a, conheci Portugal de l\u00e9s-a-l\u00e9s e depois alguns lugares de Espanha, nomeadamente Barcelona, Palma de Maiorca e Tenerife. Aos 14 anos fiz uma viagem a Paris com os colegas da escola e nunca perdi a esperan\u00e7a de l\u00e1 voltar para, agora, ver com outros olhos a cidade-luz. S\u00f3 aos 16 anos entrei pela primeira vez num avi\u00e3o e a experi\u00eancia foi t\u00e3o boa ou t\u00e3o m\u00e1 que passei 4 anos a desejar poder andar de novo de avi\u00e3o. J\u00e1 conto com os A\u00e7ores, em particular a ilha de S\u00e3o Miguel, no meu CV de viajante e n\u00e3o h\u00e1 nenhum recanto da Madeira por onde n\u00e3o tenha passado nas v\u00e1rias viagens que l\u00e1 fiz. Cuba, Irlanda, Reino Unido, Fran\u00e7a e Espanha s\u00e3o alguns dos locais mais marcantes por onde passei.<br \/>\nEm Outubro de 2011 aventurei-me com um grupo de amigos e fui para terras asi\u00e1ticas, num misto de viagem cultural, descanso e visita \u00e0 fam\u00edlia. Singapura, algumas ilhas da Indon\u00e9sia e Vietname foram os s\u00edtios por onde passei, culminando esta viagem num momento cultural sublime, um casamento vietnamita cujo protagonista foi o meu irm\u00e3o.<br \/>\nEm Junho de 2012, em jeito de comemora\u00e7\u00e3o do casamento, viajei para Miami, fiz um cruzeiro nas Bahamas e em dois dias fiz quil\u00f3metros a p\u00e9 em Nova Iorque.<br \/>\nEm Outubro de 2012 voltei a Paris, desta vez com um plano feito por mim, mediante os pontos tur\u00edsticos que j\u00e1 conhecia e adequado aos dias que ia estar na cidade-luz. O plano sofreu ligeiras altera\u00e7\u00f5es mas foi bem sucedido, sou capaz de ter futuro a fazer planos de viagem!<br \/>\nEm Setembro de 2013 meti pela primeira vez o p\u00e9 no continente africano. Cabo Verde foi o pa\u00eds escolhido e passei uma semana entre a ilha do Sal e de Santiago.<br \/>\nEm 2014, por motivos de for\u00e7a maior,\u00a0fiquei-me por Portugal sem conhecer um novo s\u00edtio neste ano, mas envolvida numa aventura muito maior.<br \/>\nEm Abril de 2015 viajei\u00a0at\u00e9 Amesterd\u00e3o, na perspectiva de ir conhecendo cada vez mais cidades europeias. Foram 4 dias diferentes, com algum mau tempo mas que n\u00e3o foi suficiente para\u00a0me afastar do objectivo de conhecer o mais poss\u00edvel desta cidade vibrante, tolerante e diversificada.<br \/>\nOutubro de 2015 foi\u00a0finalmente a data em que conheci um bocadinho dos A\u00e7ores. Durante quatro dias corri S\u00e3o Miguel de uma ponta \u00e0 outra.<br \/>\nPrev\u00eaem-se novas viagens, n\u00e3o sei onde nem quando,\u00a0\u00e9 algo ainda a definir e a planear.<\/p>\n","protected":false},"excerpt":{"rendered":"<p>Os meus 30 anos e pouco n\u00e3o me permitem ter uma biografia\u00a0muito extensa, ainda assim h\u00e1 sempre qualquer a dizer sobre esta ainda curta vida que vou vivendo. Nasci e cresci numa aldeia \u00e0 beira do mar e o mar sempre foi uma esp\u00e9cie de porto de abrigo, um pilar na minha vida. \u00c9-me imposs\u00edvel [&hellip;]<\/p>\n","protected":false},"author":1,"featured_media":0,"parent":0,"menu_order":1,"comment_status":"open","ping_status":"open","template":"","meta":{"footnotes":""},"class_list":["post-9","page","type-page","status-publish","hentry"],"_links":{"self":[{"href":"https:\/\/avidalafora.com\/index.php\/wp-json\/wp\/v2\/pages\/9","targetHints":{"allow":["GET"]}}],"collection":[{"href":"https:\/\/avidalafora.com\/index.php\/wp-json\/wp\/v2\/pages"}],"about":[{"href":"https:\/\/avidalafora.com\/index.php\/wp-json\/wp\/v2\/types\/page"}],"author":[{"embeddable":true,"href":"https:\/\/avidalafora.com\/index.php\/wp-json\/wp\/v2\/users\/1"}],"replies":[{"embeddable":true,"href":"https:\/\/avidalafora.com\/index.php\/wp-json\/wp\/v2\/comments?post=9"}],"version-history":[{"count":0,"href":"https:\/\/avidalafora.com\/index.php\/wp-json\/wp\/v2\/pages\/9\/revisions"}],"wp:attachment":[{"href":"https:\/\/avidalafora.com\/index.php\/wp-json\/wp\/v2\/media?parent=9"}],"curies":[{"name":"wp","href":"https:\/\/api.w.org\/{rel}","templated":true}]}}